tiple of 70?
True
Does 10 divide 60610?
True
Is 23 a factor of 782?
True
Is 250 a factor of 3000?
True
Does 35 divide 525?
True
Is 6774 a multiple of 6?
True
Is 36 a multiple of 6?
True
Does 21 divide 2068?
False
Is 7980 a multiple of 5?
True
Does 68 divide 17276?
False
Does 21 divide 2877?
True
Is 16 a factor of 512?
True
Is 130 a multiple of 3?
False
Does 4 divide 34?
False
Does 31 divide 2542?
True
Does 48 divide 4368?
True
Does 16 divide 788?
False
Is 29398 a multiple of 12?
False
Is 1181 a multiple of 4?
False
Does 77 divide 1232?
True
Is 22 a factor of 1364?
True
Is 2887 a multiple of 2?
False
Is 2 a factor of 318?
True
Is 40 a factor of 1160?
True
Does 19 divide 1601?
False
Does 53 divide 2093?
False
Does 68 divide 523?
False
Is 59602 a multiple of 34?
True
Does 12 divide 8880?
True
Is 21 a factor of 22827?
True
Does 179 divide 10024?
True
Does 76 divide 912?
True
Is 56538 a multiple of 9?
True
Does 38 divide 6764?
True
Is 6 a factor of 660?
True
Does 16 divide 6345?
False
Is 9 a factor of 10?
False
Is 87 a factor of 37932?
True
Is 955 a multiple of 15?
False
Does 80 divide 7520?
True
Is 16 a factor of 10496?
True
Does 30 divide 1107?
False
Is 27 a factor of 1107?
True
Is 21754 a multiple of 73?
True
Does 152 divide 39582?
False
Does 7 divide 501?
False
Does 47 divide 141?
True
Does 14 divide 700?
True
Is 14 a factor of 6832?
True
Does 75 divide 1500?
True
Is 2862 a multiple of 15?
False
Is 780 a multiple of 26?
True
Is 22308 a multiple of 26?
True
Is 32035 a multiple of 149?
True
Is 21 a factor of 189?
True
Does 19 divide 8303?
True
Is 205 a factor of 22461?
False
Is 27060 a multiple of 20?
True
Is 18 a factor of 2772?
True
Does 39 divide 6201?
True
Does 29 divide 73019?
False
Does 24 divide 69024?
True
Is 148 a factor of 8140?
True
Is 50 a factor of 600?
True
Does 2 divide 148?
True
Is 2 a factor of 53?
False
Is 9 a factor of 1359?
True
Is 2844 a multiple of 36?
True
Does 67 divide 5894?
False
Does 30 divide 630?
True
Does 3 divide 2266?
False
Is 243 a multiple of 81?
True
Does 19 divide 519?
False
Is 59 a factor of 12717?
False
Does 54 divide 8748?
True
Is 8 a factor of 2085?
False
Is 764 a multiple of 2?
True
Does 83 divide 903?
False
Is 16 a factor of 896?
True
Is 1681 a multiple of 8?
False
Does 21 divide 1869?
True
Is 7596 a multiple of 9?
True
Is 6226 a multiple of 4?
False
Is 36 a factor of 252?
True
Does 22 divide 75218?
True
Does 21 divide 525?
True
Does 12 divide 10260?
True
Is 65 a factor of 4322?
False
Is 12 a factor of 63933?
False
Is 68961 a multiple of 181?
True
Is 1560 a multiple of 14?
False
Is 565 a multiple of 9?
False
Is 8180 a multiple of 19?
False
Is 357 a multiple of 18?
False
Is 2357 a multiple of 11?
False
Is 4929 a multiple of 12?
False
Is 8 a factor of 248?
True
Does 12 divide 1091?
False
Is 2 a factor of 2722?
True
Is 22 a factor of 32186?
True
Is 8 a factor of 639?
False
Is 21 a factor of 981?
False
Is 26 a factor of 1221?
False
Is 15880 a multiple of 5?
True
Is 2244 a multiple of 44?
True
Is 2587 a multiple of 60?
False
Does 45 divide 3600?
True
Is 175 a multiple of 55?
False
Is 92 a factor of 31648?
True
Does 86 divide 108308?
False
Does 41 divide 902?
True
Does 18 divide 462?
False
Is 38 a factor of 2837?
False
Does 24 divide 8280?
True
Does 19 divide 29820?
False
Is 434 a multiple of 7?
True
Is 1101 a multiple of 13?
False
Is 8 a factor of 4663?
False
Is 15 a factor of 4235?
False
Is 14 a multiple of 6?
False
Does 7 divide 92?
False
Does 16 divide 2784?
True
Does 49 divide 980?
True
Is 8 a factor of 1256?
True
Does 129 divide 17224?
False
Is 272 a multiple of 8?
True
Is 528 a multiple of 132?
True
Is 7375 a multiple of 16?
False
Is 1056 a multiple of 11?
True
Does 11 divide 1375?
True
Is 6 a factor of 1008?
True
Is 3 a factor of 400?
False
Is 13111 a multiple of 64?
False
Does 11 divide 844?
False
Is 26 a factor of 8736?
True
Does 65 divide 1379?
False
Is 1215 a multiple of 8?
False
Is 11367 a multiple of 9?
True
Is 38 a factor of 29774?
False
Is 3274 a multiple of 12?
False
Is 31 a factor of 8665?
False
Does 104 divide 13446?
False
Does 60 divide 240?
True
Is 43 a factor of 667?
False
Is 39284 a multiple of 23?
True
Is 86146 a multiple of 154?
False
Is 2918 even?
True
Is 57 a factor of 17711?
False
Is 62 a factor of 3130?
False
Does 12 divide 433?
False
Is 12338 a multiple of 21?
False
Is 13227 a multiple of 14?
False
Does 6 divide 136?
False
Does 31 divide 1305?
False
Is 38 a factor of 12894?
False
Is 52 a factor of 1360?
False
Does 25 divide 2150?
True
Does 3 divide 16?
False
Is 85 a factor of 8083?
False
Is 1483 a multiple of 17?
False
Is 69 a factor of 2967?
True
Is 139 a factor of 139?
True
Does 9 divide 335?
False
Is 64 a factor of 576?
True
Is 77 a factor of 3311?
True
Does 18 divide 18134?
False
Is 14534 a multiple of 56?
False
Does 26 divide 7138?
False
Does 6 divide 600?
True
Does 50 divide 950?
True
Is 1559 a multiple of 3?
False
Is 21 a factor of 8568?
True
Is 10 a factor of 70934?
False
Is 20 a factor of 4760?
True
Is 76 a factor of 5028?
False
Does 49 divide 21420?
False
Is 385 even?
False
Is 2914 a multiple of 13?
False
Is 15 a factor of 155?
False
Is 9604 a multiple of 49?
True
Is 26996 a multiple of 27?
False
Does 59 divide 546?
False
Is 15686 a multiple of 31?
True
Is 1508 a multiple of 26?
True
Does 11 divide 2416?
False
Does 94 divide 2068?
True
Is 36 a factor of 3168?
True
Is 4 a factor of 3438?
False
Is 2 a factor of 1302?
True
Does 26 divide 4653?
False
Is 77 a factor of 23408?
True
Is 115 a factor of 2875?
True
Is 16 a factor of 3003?
False
Is 29425 a multiple of 269?
False
Does 103 divide 25538?
False
Is 336 a multiple of 6?
True
Is 157 a factor of 32600?
False
Is 43 a factor of 1806?
True
Is 10 a factor of 29990?
True
Is 18 a factor of 1752?
False
Is 486 a multiple of 6?
True
Is 51 a factor of 7344?
True
Is 3358 a multiple of 23?
True
Is 8 a factor of 14240?
True
Is 1872 a multiple of 19?
False
Is 9036 a multiple of 18?
True
Is 2 a factor of 79?
False
Is 1380 a multiple of 4?
True
Is 3 a factor of 2333?
False
Is 2324 a multiple of 14?
True
Does 17 divide 1735?
False
Is 40 a factor of 7640?
True
Is 81 a factor of 1215?
True
Is 12 a factor of 276?
True
Is 2080 a multiple of 65?
True
Is 8976 a multiple of 132?
True
Does 17 divide 753?
False
Is 670 a multiple of 16?
False
Is 41 a factor of 88563?
False
Does 43 divide 10206?
False
Is 672 a multiple of 24?
True
Is 100278 a multiple of 27?
True
Is 26 a factor of 13914?
False
Is 5407 a multiple of 20?
False
Is 6041 a multiple of 7?
True
Is 59641 a multiple of 132?
False
Is 45 a factor of 14821?
False
Is 7 a factor of 651?
True
Does 33 divide 546?
False
Is 7 a factor of 1630?
False
Does 22 divide 11440?
True
Is 4421 a multiple of 44?
False
Is 127 even?
False
Is 69 a factor of 511?
False
Is 9 a factor of 504?
True
Is 1784 a multiple of 8?
True
Does 29 divide 58356?
False
Is 41 a multiple of 2?
False
Is 16650 a multiple of 10?
True
Is 42 a factor of 325?
False
Does 44 divide 1922?
False
Is 2804 a multiple of 30?
False
Is 85 a factor of 4505?
True
Does 11 divide 129?
False
Is 5580 a multiple of 12?
True
Is 29 a factor of 1943?
True
Does 207 divide 2484?
True
Is 38280 a multiple of 24?
True
Does 11 divide 4625?
False
Is 3886 a multiple of 58?
True
Does 40 divide 7701?
False
Is 556 a multiple of 4?
True
Does 48 divide 32208?
True
Is 1252 a multiple of 73?
False
Is 2002 a multiple of 18?
False
Is 4 a factor of 4272?
True
Does 8 divide 61?
False
Is 60 a factor of 420?
True
Is 28147 a multiple of 56?
False
Is 7616 a multiple of 10?
False
Does 55 divide 4924?
False
Is 382 a multiple of 2?
True
Is 5 a factor of 1173?
False
Is 106 a factor of 40810?
True
Does 23 divide 12073?
False
Is 11628 a multiple of 38?
True
Does 129 divide 13545?
True
Is 9 a factor of 9158?
False
Is 1419 a multiple of 2?
False
Is 22 a factor of 374?
True
Is 504 a multiple of 24?
True
Is 12 a factor of 962?
False
Is 28 a factor of 2660?
True
Is 70 a multiple of 7?
True
Does 11 divide 286?
True
Is 14895 even?
False
Is 612 a multiple of 12?
True
Does 35 divide 1820?
True
Is 65 even?
False
Does 20 divide 1314?
False
Is 9 a factor of 8685?
True
Is 9552 a multiple of 41?
False
Does 54 divide 3402?
True
Is 38 a factor of 380?
True
Does 153 divide 31872?
False
Is 43 a factor 